{"id":27,"date":"2024-02-17T06:59:45","date_gmt":"2024-02-17T06:59:45","guid":{"rendered":"https:\/\/pemaindustriales.com\/?page_id=27"},"modified":"2025-01-06T21:29:22","modified_gmt":"2025-01-06T21:29:22","slug":"nosotros","status":"publish","type":"page","link":"https:\/\/pemaindustriales.com\/?page_id=27","title":{"rendered":"Nosotros"},"content":{"rendered":"\n<p class=\"has-black-color has-text-color has-link-color wp-elements-f5bf09677b37ebbaef419df797ffc802\"><strong>En PEMA nos caracterizamos por ofrecer excelencia en soluciones de ingenier\u00eda enfocado en el ramo automotriz y metalmec\u00e1nico, nuestro compromiso es inquebrantable hacia nuestros clientes.<\/strong><\/p>\n\n\n\n<p class=\"has-black-color has-text-color has-link-color wp-elements-833bc5563a24a035d13653148f665966\">Desde nuestro inicio, nos hemos dedicado apasionadamente a llevar soluciones innovadoras que no solo cumplen, sino que superan las expectativas del mercado.<\/p>\n\n\n\n<p class=\"has-black-color has-text-color has-link-color wp-elements-72361c69e7eb167ff919f2301aa61461\">En PEMA, entendemos que cada cliente es \u00fanico, y por eso nos esforzamos por ofrecer soluciones personalizadas que se adaptan a sus necesidades espec\u00edficas. Nuestro equipo de ingenieros altamente capacitados y comprometidos est\u00e1 aqu\u00ed para asegurar que cada producto que sale de nuestras instalaciones no solo cumpla con los est\u00e1ndares m\u00e1s rigurosos de calidad, sino que tambi\u00e9n refleje nuestra dedicaci\u00f3n hacia la satisfacci\u00f3n del cliente en cada detalle.<\/p>\n\n\n\n<p class=\"has-black-color has-text-color has-link-color wp-elements-f9b822398de46f3317837ca2c2692e45\">Con un enfoque claro en la innovaci\u00f3n y la mejora continua, nos mantenemos a la vanguardia, asegurando que nuestros servicios no solo sean avanzados, sino tambi\u00e9n confiables y eficientes. En PEMA, la calidad es nuestra m\u00e1xima prioridad, y cada paso de nuestro proceso de fabricaci\u00f3n y servicio est\u00e1 dise\u00f1ado para superar la expectativa de nuestros clientes.<br><br><strong>Misi\u00f3n<\/strong><br><br>Nuestra misi\u00f3n principal es enfocada a la satisfacci\u00f3n de nuestros clientes, desarrollando e innovando sus operaciones en el tiempo y la forma que se requiera, seg\u00fan la operaci\u00f3n.<br><br><strong>Visi\u00f3n<\/strong><\/p>\n\n\n\n<p>PEMA se enfoca al crecimiento profesional dentro de los ramos desarrollados, pata mayor satisfacci\u00f3n de nuestros clientes. Teniendo nuestro compromiso establecido con los mismos.<\/p>\n","protected":false},"excerpt":{"rendered":"<p>En PEMA nos caracterizamos por ofrecer excelencia en soluciones de ingenier\u00eda enfocado en el ramo automotriz y metalmec\u00e1nico, nuestro compromiso<\/p>\n","protected":false},"author":1,"featured_media":0,"parent":0,"menu_order":0,"comment_status":"closed","ping_status":"closed","template":"","meta":{"footnotes":""},"class_list":["post-27","page","type-page","status-publish","hentry"],"_links":{"self":[{"href":"https:\/\/pemaindustriales.com\/index.php?rest_route=\/wp\/v2\/pages\/27","targetHints":{"allow":["GET"]}}],"collection":[{"href":"https:\/\/pemaindustriales.com\/index.php?rest_route=\/wp\/v2\/pages"}],"about":[{"href":"https:\/\/pemaindustriales.com\/index.php?rest_route=\/wp\/v2\/types\/page"}],"author":[{"embeddable":true,"href":"https:\/\/pemaindustriales.com\/index.php?rest_route=\/wp\/v2\/users\/1"}],"replies":[{"embeddable":true,"href":"https:\/\/pemaindustriales.com\/index.php?rest_route=%2Fwp%2Fv2%2Fcomments&post=27"}],"version-history":[{"count":3,"href":"https:\/\/pemaindustriales.com\/index.php?rest_route=\/wp\/v2\/pages\/27\/revisions"}],"predecessor-version":[{"id":84,"href":"https:\/\/pemaindustriales.com\/index.php?rest_route=\/wp\/v2\/pages\/27\/revisions\/84"}],"wp:attachment":[{"href":"https:\/\/pemaindustriales.com\/index.php?rest_route=%2Fwp%2Fv2%2Fmedia&parent=27"}],"curies":[{"name":"wp","href":"https:\/\/api.w.org\/{rel}","templated":true}]}}